{"id":18,"date":"2013-06-30T13:02:03","date_gmt":"2013-06-30T11:02:03","guid":{"rendered":"http:\/\/grenzdenkmale.de\/?page_id=18"},"modified":"2024-06-04T12:20:19","modified_gmt":"2024-06-04T10:20:19","slug":"deutsche-teilung","status":"publish","type":"page","link":"https:\/\/grenzdenkmale.de\/?page_id=18","title":{"rendered":"Deutsche Teilung"},"content":{"rendered":"<p><span style=\"font-size: 12pt;\">Mit der doppelten Staatsgr\u00fcndung im Jahr 1949 existierten auf\u00a0 deutschen Gebiet von nun an zwei eigenst\u00e4ndige Staaten.<\/span><\/p>\n<p><span style=\"font-size: 12pt;\">Aus den westalliierten Besatzungszonen ging mit der Unterzeichnung des Grundgesetzes vom 23. Mai 1949 die Bundesrepublik Deutschland hervor. Die Staats- und Verwaltungsstruktur umfasste 11 Bundesl\u00e4nder. Seither ist die Bundesrepublik Deutschland ein demokratischer sozialer Bundesstaat. Bei der Gr\u00fcndung der Bundesrepublik Deutschland machten die drei westalliierten Siegerm\u00e4chte ihren Einfluss geltend.\u00a0<\/span><\/p>\n<p><span style=\"font-size: 12pt;\"><a href=\"https:\/\/grenzdenkmale.de\/?attachment_id=87\" rel=\"attachment wp-att-87\"><img loading=\"lazy\" decoding=\"async\" class=\"size-medium wp-image-87 alignleft\" src=\"https:\/\/grenzdenkmale.de\/wordpress\/wp-content\/uploads\/Grundgesetz-300x243.jpg\" alt=\"Grundgesetz\" width=\"300\" height=\"243\" srcset=\"https:\/\/grenzdenkmale.de\/wordpress\/wp-content\/uploads\/Grundgesetz-300x243.jpg 300w, https:\/\/grenzdenkmale.de\/wordpress\/wp-content\/uploads\/Grundgesetz.jpg 444w\" sizes=\"auto, (max-width: 300px) 100vw, 300px\" \/><\/a>So wurde als zentraler Baustein der neu zu erarbeitenden Verfassung die demokratische Grundordnung ausdr\u00fccklich vorgegeben. Eine entsprechende Anweisung erhielten die Ministerpr\u00e4sidenten der L\u00e4nder in den westlichen Besatzungszonen am 1. Juli 1948 in Frankfurt am Main. Mit Eintritt der Bundesrepublik Deutschland in das Nordatlantische B\u00fcndnis im Jahr 1955 waren die westalliierten Siegerm\u00e4chte des II Weltkrieges B\u00fcndnispartner Deutschlands.<br \/>\n<\/span><span style=\"font-size: 12pt;\">Im Verlauf des sich zuspitzenden Konfliktes zwischen Amerika und der Sowjetunion setzten beide Kontrahenten auf das Wettr\u00fcsten und der milit\u00e4rischen Abschreckung.<\/span><\/p>\n<p><span style=\"font-size: 10pt;\"><strong>Unterzeichnung des Grundgesetzes.<br \/>\nQuelle: Grenzlandbildstelle<\/strong><\/span><\/p>\n<p>&nbsp;<\/p>\n<p><span style=\"font-size: 12pt;\">Auch die Beziehungen zwischen der Bundesrepublik Deutschland und der Deutschen Demokratischen Republik k\u00fchlten merklich ab.<\/span><\/p>\n<p><span style=\"font-size: 12pt;\">Im gesamten Bundesgebiet wurden nunmehr verst\u00e4rkt amerikanische, englische sowie franz\u00f6sische Soldaten stationiert. In den Kasernen und milit\u00e4rischen Anlagen der alliierten Truppen sowie f\u00fcr die ausl\u00e4ndischen Soldaten galt f\u00fcr die Zeit der Stationierung das jeweilige ausl\u00e4ndische Landesrecht. Die Bundeswehr, welche im Jahr 1955 neu aufgestellt wurde, hatte in erster Linie die Aufgabe der Landesverteidigung. Gerade in der hei\u00dfen Phase des Kalten Krieges erfolgten nach politischen Vorgaben der Bundes- sowie Landesregierungen zahlreiche Zivilschutzma\u00dfnahmen f\u00fcr die Bev\u00f6lkerung. <\/span><\/p>\n<p><span style=\"font-size: 12pt;\"><a href=\"https:\/\/grenzdenkmale.de\/?attachment_id=148\" rel=\"attachment wp-att-148\"><img loading=\"lazy\" decoding=\"async\" class=\"alignright wp-image-148\" src=\"https:\/\/grenzdenkmale.de\/wordpress\/wp-content\/uploads\/Nuklear-300x205.jpg\" alt=\"Nuklear\" width=\"340\" height=\"233\" srcset=\"https:\/\/grenzdenkmale.de\/wordpress\/wp-content\/uploads\/Nuklear-300x205.jpg 300w, https:\/\/grenzdenkmale.de\/wordpress\/wp-content\/uploads\/Nuklear-624x427.jpg 624w, https:\/\/grenzdenkmale.de\/wordpress\/wp-content\/uploads\/Nuklear.jpg 1024w\" sizes=\"auto, (max-width: 340px) 100vw, 340px\" \/><\/a>So gab es F\u00f6rder- und Ma\u00dfnahmenprogramme zum Einbau von Luftschutzbunkern beim Bau oder Umbau von privaten oder gewerblich genutzten H\u00e4usern. Auch unter Krankenh\u00e4usern, Landrats\u00e4mtern oder Verwaltungskomplexen sowie in verschiedenen Stadtteilen waren Schutzbunker sowie Leitst\u00e4nde f\u00fcr den Verteidigungs- und atomaren Erstschlag errichtet. Auf politischer Ebene wurden Ausweichm\u00f6glichkeiten der Regierungen sowie unterschiedliche Kriegs- und Verteidigungsszenarien geplant und regelm\u00e4\u00dfig ge\u00fcbt.<\/span><\/p>\n<p style=\"text-align: right;\"><span style=\"font-size: 12pt;\">\u00a0<span style=\"font-size: 10pt;\"><strong>Grafische Darstellung zum Ost-West-Konflikt.<br \/>\nQuelle: Wei\u00dfbuch, 1979 (Zum Vergr\u00f6\u00dfern anklicken.)<\/strong><\/span><\/span><\/p>\n<p><span style=\"font-size: 12pt;\">Am 7. Oktober 1949 kam es auf dem Gebiet der sowjetischen Besatzungszone zur Gr\u00fcndung der Deutschen Demokratischen Republik (DDR).<\/span><\/p>\n<p><span style=\"font-size: 12pt;\">Unter Einfluss der Sowjetunion wurden die Leitlinien eines demokratischen Zentralismuses verfolgt. Anfangs existierten in der DDR noch f\u00fcnf L\u00e4nder. Im Jahr 1952 wurden diese durch 14 Bezirke mit Verwaltungsstrukturen ersetzt. Die politische F\u00fchrung ging von nun an von Berlin (ost) aus. Durch die DDR-Einheitspartei erfolgte eine diktatorische Kontrolle s\u00e4mtlicher staatlicher sowie gesellschaftlicher Ebenen.<\/span><\/p>\n<p><span style=\"font-size: 12pt;\"><a href=\"https:\/\/grenzdenkmale.de\/?attachment_id=90\" rel=\"attachment wp-att-90\"><img loading=\"lazy\" decoding=\"async\" class=\"size-medium wp-image-90 alignleft\" src=\"https:\/\/grenzdenkmale.de\/wordpress\/wp-content\/uploads\/gr\u00fcndung-300x225.jpg\" alt=\"gr\u00fcndung\" width=\"300\" height=\"225\" srcset=\"https:\/\/grenzdenkmale.de\/wordpress\/wp-content\/uploads\/gr\u00fcndung-300x225.jpg 300w, https:\/\/grenzdenkmale.de\/wordpress\/wp-content\/uploads\/gr\u00fcndung.jpg 924w\" sizes=\"auto, (max-width: 300px) 100vw, 300px\" \/><\/a> Auch der Aufbau einer engmaschigen Grenzziehung an der Schnittstelle zur Bundesrepublik Deutschland wurde zu diesem Zeitpunkt von der Sowjetunion vorgegeben. Um die DDR in den Warschauer Pakt aufnehmen zu k\u00f6nnen, wurde die Kriegs- und Besatzungszeit per Vertrag mit der Sowjetunion im Jahr 1955 offiziell aufgehoben. Im gleichen Jahr erfolgte die Gr\u00fcndung der Nationalen Volksarmee. Im Rahmen der sich zuspitzenden Ost-West-Konfrontation erfolgte unter massiver Einflussnahme der Sowjetunion von nun an eine kommunistisch-zentralistische Ausrichtung der politischen Entscheidungstr\u00e4ger.<\/span><\/p>\n<p><span style=\"font-size: 10pt;\"><strong>Gr\u00fcndungsfeier der DDR.<br \/>\nQuelle: Grenzlandbildstelle<\/strong><\/span><\/p>\n<p><span style=\"font-size: 12pt;\">Die sowjetische Armee unterhielt auf dem Territorium der DDR zahlreiche St\u00fctzpunkte, \u00dcbungsanlagen und Verteidigungsstellungen. Um bei kriegerischen Handlungen politisch entscheidungsf\u00e4hig zu bleiben, hatten u.a. Parteifunktion\u00e4re, milit\u00e4rische Vorgesetzte oder Bezirkssekret\u00e4re Schutz- und Bunkeranlagen. In der gesamten DDR war somit ein Netz von Verteidigungs- sowie F\u00fchrungs- und Leitbunkern errichtet. Auch f\u00fcr die Bev\u00f6lkerung standen Luftschutz- sowie Verteidigungsschutzanlagen zur Verf\u00fcgung.<\/span><\/p>\n<p><span style=\"font-size: 12pt;\">Nach der deutschen Wiedervereinigung, am 3. Oktober 1990 wurden auf Seiten West- sowie Ostdeutschlands ein Gro\u00dfteil, der f\u00fcr die Zeit der deutschen Teilung relevanten Baulichkeiten \u00fcberfl\u00fcssig.<\/span><\/p>\n<p>&nbsp;<\/p>\n<p><span style=\"font-size: 12pt;\"><strong>Hinweis zur Denkmalforschung<\/strong><\/span><\/p>\n<p><span style=\"font-size: 12pt;\">Das Spektrum der zuordnungsf\u00e4higen Sachzeugnisse aus dieser Zeit ist umf\u00e4nglich und mannigfaltig.<\/span><\/p>\n<p><span style=\"text-decoration: underline; font-size: 12pt;\">Auf dem Gebiet der Bundesrepublik Deutschland<\/span><\/p>\n<p><span style=\"font-size: 12pt;\">So geh\u00f6ren zu den aussagekr\u00e4ftigen Baulichkeiten z. B. die Anlagen der amerikanischen, englischen und franz\u00f6sischen Streitkr\u00e4fte in der Bundesrepublik Deutschland bis 1990.<\/span><\/p>\n<p><span style=\"font-size: 12pt;\">Dazu z\u00e4hlen u. a. Wohnkomplexe, Kasernen, \u00dcbungsanlagen, Raketenstellungen, Lenkwaffen und Aufkl\u00e4rungsanlagen sowie F\u00fchrungseinrichtungen.<\/span><\/p>\n<p><span style=\"font-size: 12pt;\">Auch milit\u00e4rische Komplexe der Bundeswehr wie z. B. Kasernen, Man\u00f6vergel\u00e4nde, Radaranlagen sowie die Einrichtungen der Elektronischen Kampff\u00fchrung (Eloka) sind hierbei aufzuf\u00fchren.<\/span><\/p>\n<p><span style=\"font-size: 12pt;\">Auch Baulichkeiten oder k\u00fcnstlerische Ensembles mit Bezug zu amerikanischen, englischen oder franz\u00f6sischen Weltanschauungen geh\u00f6ren zu diesem Spektrum.<img loading=\"lazy\" decoding=\"async\" class=\"size-medium wp-image-153 alignright\" src=\"https:\/\/grenzdenkmale.de\/wordpress\/wp-content\/uploads\/Bunker1-300x203.jpg\" alt=\"Bunker\" width=\"300\" height=\"203\" srcset=\"https:\/\/grenzdenkmale.de\/wordpress\/wp-content\/uploads\/Bunker1-300x203.jpg 300w, https:\/\/grenzdenkmale.de\/wordpress\/wp-content\/uploads\/Bunker1-624x423.jpg 624w, https:\/\/grenzdenkmale.de\/wordpress\/wp-content\/uploads\/Bunker1.jpg 871w\" sizes=\"auto, (max-width: 300px) 100vw, 300px\" \/><\/span><\/p>\n<p><span style=\"font-size: 12pt;\">Hinzuzuf\u00fcgen sind die umf\u00e4nglichen M\u00f6glichkeiten des Selbst-, Zivil- und Verteidigungsschutzes. Hier wurden f\u00fcr die Bev\u00f6lkerung Luftschutzbunker errichtet. F\u00fcr politisch wichtige Gremien oder Verwaltungen standen F\u00fchrungs- und Leitst\u00e4nde f\u00fcr den Verteidigungsfall zur Verf\u00fcgung.<br \/>\n<\/span><span style=\"font-size: 12pt;\">Minensperren sowie Vorrichtungen zum Sprengen von Br\u00fccken oder Verkehrsknotenpunkten im Verteidigungsfall erg\u00e4nzen die baulichen Zeugnisse der Teilungszeit.<\/span><\/p>\n<p style=\"text-align: right;\"><span style=\"font-size: 10pt;\"><strong>Privater Atomschutzbunker, Vergleichsbild.<br \/>\nQuelle: Bundesamt f\u00fcr Zivilschutz<\/strong><\/span><\/p>\n<p><span style=\"font-size: 12pt;\">Auch hatten die Bundesregierung sowie die Landesregierungen sogenannte Regierungsbunker in unterschiedlicher Gr\u00f6\u00dfenordnung.<\/span><\/p>\n<p><span style=\"font-size: 12pt;\">Grunds\u00e4tzlich sind alle Baulichkeiten, welche in diese Zeitspanne fallen nach ihrer Relevanz einzuordnen.<\/span><\/p>\n<p><span style=\"font-size: 12pt;\">Selbst Verwaltungskomplexe unterschiedlicher Art, wie z.B. Geb\u00e4ude der Bundes- und Landesregierungen, Ministerien oder Stadt- bzw. Landkreisverwaltungen k\u00f6nnen Aufschluss \u00fcber das Denken und Handeln der Bev\u00f6lkerung in dieser Zeit geben.\u00a0<\/span><\/p>\n<p><span style=\"font-size: 12pt;\">Hinzu kommen Objekte mit k\u00fcnstlerischer Gestaltung, Denkmale oder zweckgebundene Baulichkeiten mit eindeutigen Bezug zur Teilungszeit.<\/span><\/p>\n<p>&nbsp;<\/p>\n<p><span style=\"text-decoration: underline; font-size: 12pt;\">Auf dem Gebiet der Deutschen Demokratischen Republik<\/span><\/p>\n<p><span style=\"font-size: 12pt;\">Die DDR ist nach der politischen Wende vom 9. November 1989 und dem Beitritt zur Bundesrepublik Deutschland gem\u00e4\u00df Grundgesetz am 3. Oktober 1990 als eigenst\u00e4ndiger Staat aufgel\u00f6st worden. Ab diesem Zeitpunkt erfolgte eine komplette Umstellung der Verwaltungs- und Gesellschaftsstruktur nach westdeutschen Vorgaben.<\/span><\/p>\n<p><span style=\"font-size: 12pt;\"><a href=\"https:\/\/grenzdenkmale.de\/?attachment_id=159\" rel=\"attachment wp-att-159\"><img loading=\"lazy\" decoding=\"async\" class=\"alignleft wp-image-159\" src=\"https:\/\/grenzdenkmale.de\/wordpress\/wp-content\/uploads\/ddr-300x168.jpg\" alt=\"ddr\" width=\"320\" height=\"180\" srcset=\"https:\/\/grenzdenkmale.de\/wordpress\/wp-content\/uploads\/ddr-300x168.jpg 300w, https:\/\/grenzdenkmale.de\/wordpress\/wp-content\/uploads\/ddr.jpg 512w\" sizes=\"auto, (max-width: 320px) 100vw, 320px\" \/><\/a>Innerhalb der 40-j\u00e4hrigen Geschichte des Landes wurden in allen Lebens-, Gesellschafts- sowie politischen Ebenen unterschiedliche Baulichkeiten errichtet. Dazu z\u00e4hlen u.a. die Einrichtungen der politischen F\u00fchrung, Justiz, Volkspolizei, Nationale Volksarmee, Sowjetische Armee, Betriebskampftruppen, Organisationen und andere. Gerade im Umgang mit dem t\u00e4glichen Leben finden sich bauliche Zeugnisse der DDR-Vergangenheit.<\/span><\/p>\n<p><span style=\"font-size: 10pt;\"><strong>Regierungsbunker der DDR-F\u00fchrung.<br \/>\nQuelle: Grenzlandbildstelle<\/strong><\/span><\/p>\n<p>&nbsp;<\/p>\n<p><span style=\"font-size: 12pt;\">Hierzu z\u00e4hlen unter anderen:<\/span><\/p>\n<ul>\n<li><span style=\"font-size: 12pt;\">Wohnanlagen (teilweise mit k\u00fcnstlerischer Gestaltung). <\/span><\/li>\n<li><span style=\"font-size: 12pt;\">Verkaufsstellen mit Werbeschriftz\u00fcgen. <\/span><\/li>\n<li><span style=\"font-size: 12pt;\">Volkseigene Betriebe und Kombinate sowie Landwirtschaftliche Produktionsgenossenschaften (LPG).<\/span><\/li>\n<li><span style=\"font-size: 12pt;\"> Sportst\u00e4tten sowie Trainingsanlagen z.B. mit Werbeschriftz\u00fcgen oder f\u00fcr den Spitzensport in der DDR. <\/span><\/li>\n<li><span style=\"font-size: 12pt;\">Denkmale, z.B. zur sowjetischen Freundschaft oder mit Idolen und Vorbildern des DDR-Staates. <\/span><\/li>\n<li><span style=\"font-size: 12pt;\">Geb\u00e4ude, k\u00fcnstlerische Gestaltungen oder Zweckbauten welche auf die Pr\u00e4senz oder die Einflussnahme der Sowjetischen Ideologie hinweisen.<\/span><\/li>\n<li><span style=\"font-size: 12pt;\"> Verwaltungskomplexe wie z.B. der Rat des Bezirkes, der Rat der Stadt\/Kreis, der Rat der Gemeinde. <\/span><\/li>\n<li><span style=\"font-size: 12pt;\">Kultureinrichtungen, Kulturh\u00e4user, Jugendklub. <\/span><\/li>\n<li><span style=\"font-size: 12pt;\">Schulen und Kinderg\u00e4rten, teilweise mit k\u00fcnstlerischer Gestaltung. <\/span><\/li>\n<li><span style=\"font-size: 12pt;\">Und weitere&#8230;<\/span><\/li>\n<\/ul>\n<p><span style=\"font-size: 12pt;\"><br \/>\n<\/span><span style=\"font-size: 12pt;\"><a href=\"https:\/\/grenzdenkmale.de\/?attachment_id=98\" rel=\"attachment wp-att-98\"><img loading=\"lazy\" decoding=\"async\" class=\"size-medium wp-image-98 alignright\" src=\"https:\/\/grenzdenkmale.de\/wordpress\/wp-content\/uploads\/konsum-300x233.jpg\" alt=\"konsum\" width=\"300\" height=\"233\" srcset=\"https:\/\/grenzdenkmale.de\/wordpress\/wp-content\/uploads\/konsum-300x233.jpg 300w, https:\/\/grenzdenkmale.de\/wordpress\/wp-content\/uploads\/konsum.jpg 600w\" sizes=\"auto, (max-width: 300px) 100vw, 300px\" \/><\/a>Entscheidend f\u00fcr den Umgang mit diesen baulichen Zeugnissen der 40-j\u00e4hrigen DDR-Geschichte ist die Aussagef\u00e4higkeit und das Wiederspiegeln der eigenen DDR-Kultur<\/span><\/p>\n<p><span style=\"font-size: 12pt;\">Auch auf die Lebensleistung der Menschen in der DDR sowie ihren Wertvorstellung sollte hierbei eingegangen werden.<br \/>\n<\/span><span style=\"font-size: 12pt;\">In der praktischen Feldforschung zu den Hinterlassenschaften und der Einstufung als bauliches Zeugnis wird sicherlich eine umf\u00e4ngliche Dokumentation\u00a0dieser Objekte die praktische Ausgangssituation begr\u00fcnden.<\/span><\/p>\n<p style=\"text-align: right;\"><span style=\"font-size: 12pt;\"><span style=\"font-size: 10pt;\"><strong>KONSUM-Verkaufsstelle der DDR.<br \/>\nQuelle: Grenzlandbildstelle<\/strong><\/span><\/span><\/p>\n<p><span style=\"font-size: 12pt;\">Einen besonders sensiblen Umgang sowie denkmalhistorisch korrekte Umgangsweise erfordern die bereits zur DDR-Zeit ausgewiesenen Bau- oder Bodendenkmale. Bei der Bewertung dieser baulichen Zeugnisse sollte den momentan vorherrschenden politischen Interessen kein Spielraum gegeben werden.<\/span><\/p>\n","protected":false},"excerpt":{"rendered":"<p>Mit der doppelten Staatsgr\u00fcndung im Jahr 1949 existierten auf\u00a0 deutschen Gebiet von nun an zwei eigenst\u00e4ndige Staaten. Aus den westalliierten Besatzungszonen ging mit der Unterzeichnung des Grundgesetzes vom 23. Mai 1949 die Bundesrepublik Deutschland hervor. Die Staats- und Verwaltungsstruktur umfasste <a class=\"more-link\" href=\"https:\/\/grenzdenkmale.de\/?page_id=18\">Weiterlesen\u00a0\u2026<\/a><\/p>\n","protected":false},"author":1,"featured_media":0,"parent":0,"menu_order":0,"comment_status":"closed","ping_status":"closed","template":"","meta":{"footnotes":""},"class_list":["post-18","page","type-page","status-publish","hentry"],"_links":{"self":[{"href":"https:\/\/grenzdenkmale.de\/index.php?rest_route=\/wp\/v2\/pages\/18","targetHints":{"allow":["GET"]}}],"collection":[{"href":"https:\/\/grenzdenkmale.de\/index.php?rest_route=\/wp\/v2\/pages"}],"about":[{"href":"https:\/\/grenzdenkmale.de\/index.php?rest_route=\/wp\/v2\/types\/page"}],"author":[{"embeddable":true,"href":"https:\/\/grenzdenkmale.de\/index.php?rest_route=\/wp\/v2\/users\/1"}],"replies":[{"embeddable":true,"href":"https:\/\/grenzdenkmale.de\/index.php?rest_route=%2Fwp%2Fv2%2Fcomments&post=18"}],"version-history":[{"count":56,"href":"https:\/\/grenzdenkmale.de\/index.php?rest_route=\/wp\/v2\/pages\/18\/revisions"}],"predecessor-version":[{"id":3599,"href":"https:\/\/grenzdenkmale.de\/index.php?rest_route=\/wp\/v2\/pages\/18\/revisions\/3599"}],"wp:attachment":[{"href":"https:\/\/grenzdenkmale.de\/index.php?rest_route=%2Fwp%2Fv2%2Fmedia&parent=18"}],"curies":[{"name":"wp","href":"https:\/\/api.w.org\/{rel}","templated":true}]}}